08?
False
Suppose 2*z + 3*z = 15. Suppose -g - 3*h = -0*g - 57, -5*g + z*h = -195. Is 14 a factor of g?
True
Let l(v) be the second derivative of v**4/6 - 2*v**3/3 + v**2 + 13*v. Let o be l(4). Suppose -o*y = -16*y - 8. Is y even?
True
Let b be 23/(-4) - (-13)/(-52). Let x(i) = -i**2 - 8*i - 11. Let q be x(b). Does 11 divide (q + -1 - -2) + 31?
True
Let k(b) = -b**3 + 3*b**2 - 4*b + 1. Let u(m) = m**2 - m + 1. Let s(z) = -k(z) - 4*u(z). Let t be s(8). Let c = t + -63. Is c a multiple of 20?
True
Suppose 2*g + 1 = g, -g + 23 = 3*q. Suppose q = -u + 72. Does 10 divide u?
False
Suppose 6*u - 128 = -i + u, 3*i - 4*u = 365. Let p = i - 108. Is p a multiple of 2?
False
Suppose -26*c = -22*c - 32. Suppose 2*x + 0*x - c = 0. Suppose 3*a = -x*p + 16, 0 = a - 0*p - p - 17. Is 4 a factor of a?
True
Let g = -14 - -18. Suppose g*f + 7 = -v - 15, 3*f = -15. Let l = 21 - v. Is l a multiple of 9?
False
Is (-63)/(-147) - (2 - 2314/7) a multiple of 16?
False
Let f be (-280)/3*(0 - (-36)/(-30)). Let z = -40 + f. Does 9 divide z?
True
Let g(c) = -c**2 - 15*c + 4. Let r be g(-15). Suppose 0 = -2*v + r, -226 = -0*n - 4*n - 3*v. Does 11 divide n?
True
Suppose 0 = r + 2*b - 76, -8*r + 7*r = -4*b - 58. Is 4 a factor of r?
False
Let l(r) = 96*r + 8. Let x(z) = -z. Let d(f) = -2*l(f) - 88*x(f). Is d(-2) a multiple of 24?
True
Let x be (-72)/(-4*(-5)/(-2350)). Is 20 a factor of ((-4)/(-6))/(40/x)?
False
Let q be -4*(-1)/(-1)*-38. Suppose -n = -4*m + 3*m + 4, 5 = -m + 4*n. Is q/7 - (-2)/m a multiple of 11?
True
Let m = 26 + -36. Let n(p) = -p**3 - 9*p**2 + 9*p - 7. Let j be n(m). Suppose -5 + 65 = j*a. Is a a multiple of 4?
True
Suppose 4323 - 1125 = 26*d. Is 16 a factor of d?
False
Let p(k) = k**2 - 16*k + 32. Suppose 2*z = -3*f - 7 + 49, -4*z = 5*f - 80. Is p(z) a multiple of 5?
False
Let g = 27 + -27. Suppose 2*a + g = -2, 4*d + 5*a = 3. Suppose -3*k + 99 = -0*k + x, -5*k = d*x - 164. Is 7 a factor of k?
False
Let m = -1658 - -1766. Is 22 a factor of m?
False
Let k(t) = t - 2. Let y be k(4). Suppose -15 = -y*s - s. Suppose -w = -35 - s. Is 17 a factor of w?
False
Suppose -9*d = -2188 - 566. Suppose 3*q + 3*f - 468 = 0, -3*f = -2*q + f + d. Does 31 divide q?
True
Let s(y) = y**3 + 3*y**2 - 4*y + 5. Suppose -41 = 4*o - 1. Let d = 6 + o. Is s(d) a multiple of 5?
True
Let y(s) = -1200*s**3 - 3*s**2 - s. Let k be y(-2). Suppose -2*b + b + 2*l - 1918 = 0, l = -5*b - k. Is 21 a factor of b/(-21) - 6/(-9)?
False
Suppose -3*d = b - 6, -4*b + 2 = -2*b + d. Suppose b = 4*k - 1243 + 275. Does 11 divide k?
True
Let t(o) = 16*o**3 - 4*o**2 + 4*o - 2. Let g be t(2). Let d(x) = -x**2 - 13*x + 17. Let j be d(-14). Is g/4 - j/(-6) a multiple of 22?
False
Is 9 a factor of (8 - (-4 - -9)) + 3*350?
True
Let c be (-1 + 3/2)*0. Let j(b) = 8*b + 29. Let z(a) = 5*a + 15. Let n(t) = 3*j(t) - 5*z(t). Is n(c) a multiple of 12?
True
Let a be (-1)/(-1)*(-11 + 6). Let v = 7 + a. Is 18 a factor of 9/v*8/1?
True
Let x = 33 + -31. Let q(z) = 0*z + z**x + z - 9*z - 8. Is 20 a factor of q(12)?
True
Let p(b) = -2*b - 1. Let q(x) = 32*x + 7. Let h(i) = 6*p(i) + q(i). Let u = -2 - -3. Does 7 divide h(u)?
True
Is 843 + -5 + (-3)/(6/(-10)) a multiple of 5?
False
Let v(m) = -3*m**2 - 12*m + 42. Does 5 divide v(-6)?
False
Suppose c = -4*f + 12 + 143, 0 = -3*c + 2*f + 465. Is 29 a factor of c?
False
Suppose 3*s = -4*s + 35. Suppose -s*d + 2*j + 26 = -29, -j = -5. Does 3 divide d?
False
Suppose 14*y - 4302 = 9*y + 6*d, -5*d = -15. Does 27 divide y?
True
Suppose 988 = -h + 3*h. Is 10 a factor of h?
False
Let o(w) = 3*w. Let l be o(10). Suppose -k = 3 + 4. Let h = k + l. Does 6 divide h?
False
Let m(d) = 4*d**2 - 3*d + 67. Is 5 a factor of m(-13)?
False
Let x(m) = 7*m - 22. Let b(i) = -21*i + 65. Let p(d) = -6*b(d) - 17*x(d). Is 6 a factor of p(4)?
True
Let s = 32 - 8. Suppose -2*c + 0*v = 3*v + s, 0 = -5*c - 3*v - 51. Let w(b) = -2*b - 9. Is w(c) a multiple of 9?
True
Suppose 5*h = 16 + 14. Suppose -h*b + 12 = -8*b. Is 14 a factor of 4*(-1)/b*42?
True
Let i = -17 + 28. Let g = i - 7. Suppose -274 = -g*h - 62. Is 16 a factor of h?
False
Suppose 33 = 3*y - 3*t, -3*t = 2*t - 20. Suppose -2*q + y = q. Suppose q*o = 223 + 67. Does 20 divide o?
False
Let f(t) = t**3 + 12*t**2 - 25*t + 24. Is f(-13) a multiple of 10?
True
Let z be 2/10 + (-51360)/(-75). Let i = -430 + z. Is 15 a factor of i?
True
Suppose 0 = 5*l - 5, -d - 3*l - 3957 = -6*d. Is d a multiple of 44?
True
Suppose 4*p = -4*m + 1628, -m - 3*p + 0*p = -413. Does 11 divide m?
False
Let t(q) = 2*q**3 - q**2 + 4*q - 10. Let m be t(4). Suppose -1 = s - m. Is 13 a factor of s?
True
Let a(j) = 0*j + 92 - 95 + 2*j. Does 3 divide a(6)?
True
Let x = 5 + 57. Is 6 a factor of x?
False
Suppose 5 = 2*j - 3. Suppose -56 = -4*d + u, -3*d + j*u + 11 + 18 = 0. Let m = d - 8. Is 2 a factor of m?
False
Suppose 0 = 2*r + 3*r. Suppose z = -r*z + 119. Is 17 a factor of z?
True
Let t = 15 - 10. Let b(i) = 4*i + 1 - i + 2 + 3*i. Is 14 a factor of b(t)?
False
Let o(h) = -14*h - 58. Is o(-8) a multiple of 6?
True
Suppose 25 = n + 2*b, -106 = -4*n - 2*b + 18. Let p be 16/64 + (-235)/(-4). Let j = p - n. Does 19 divide j?
False
Let p(u) = -u**3 + 29*u**2 - 11*u - 6. Is 16 a factor of p(28)?
False
Suppose -t - 17 = r - 161, 3*r + 12 = 0. Does 2 divide (-1 + -1)*t/(-8)?
False
Let g(k) = -k**3 - k**2 + k - 34. Let p be g(0). Is (5 + -11)*p/6 even?
True
Let f(u) = -5*u + 31. Let n be f(7). Is 29 a factor of 35/((-2 - n)*(-2)/(-20))?
False
Let o(j) = j**2 - 10*j - 7. Let p(m) = -4*m - 5. Let a be p(-4). Let r be o(a). Suppose -r*l = v - l - 49, -4*v + 188 = 4*l. Does 23 divide v?
True
Let y = 2534 - 1184. Is y a multiple of 18?
True
Let b(y) = -59*y - 47. Does 18 divide b(-6)?
False
Suppose 0 = z + 3, 2*t - 4*z + 28 - 10 = 0. Let a be (1 - -2) + t/5. Suppose a = f - 2*f + 4*j + 4, 0 = f + j - 29. Is f a multiple of 12?
True
Let a(t) = t - 20. Let j be a(-4). Let c = 66 + j. Is 8 a factor of c?
False
Suppose -5 = -4*o + 15. Let m(l) = 12*l**2 - l - 1. Let h be m(2). Suppose 5*p - h = -o. Does 4 divide p?
True
Let f(j) = -j**2 + 9*j - 14. Let b be f(6). Let p(s) = -s + 1. Let q(a) = -17*a + 11. Let h(v) = b*q(v) - 44*p(v). Is 24 a factor of h(-1)?
True
Let m(j) = j**2 + 2*j - 1. Suppose -3*p = 2 + 4. Let h be m(p). Is (0 + 6*-3)*h a multiple of 18?
True
Let t be 2/3 - 20/(-6). Suppose 4*d - 7*m + 4*m - 35 = 0, -m = -d + 10. Suppose d*g - c - 354 = 0, 2*g = t*c - 0*c + 138. Does 18 divide g?
False
Let v = 100 + 124. Does 14 divide v?
True
Let k(z) = z - 2. Let b be k(-1). Let a be (2 - -4)/(b/2). Does 15 divide 48/a*-1 - -3?
True
Suppose 2*c + a + 3 - 4 = 0, 3*c + 3*a = -6. Let t = -1 + c. Suppose 0 = -t*l - 14 + 42. Is 5 a factor of l?
False
Let v be 3*(3 + -12 + 2). Suppose -4*b - 145 = 3. Let s = v - b. Is s a multiple of 4?
True
Let s(r) = -r + 12. Let l be s(17). Let i be ((-2)/(-5))/(l/(-50)). Let a = i + 18. Is 22 a factor of a?
True
Suppose -5*x - 14632 = -9*x - 4*r, 4*x - 14632 = -2*r. Is 59 a factor of x?
True
Suppose -14*c + 9*c + 4*u + 558 = 0, -3*u = -c + 105. Is c a multiple of 3?
True
Let c be (-1520)/110 + (-4)/22. Let g be (-4)/(-14) + (-24)/c. Suppose 5*j + 0*j - 64 = -g*l, l = 5*j + 2. Does 21 divide l?
False
Let p(v) = -238*v - 1 - 227*v + 422*v. Suppose 0 = 5*i - 4*q + 13, -4*i - 3*q = 2*q - 6. Is 14 a factor of p(i)?
True
Suppose 3*c = -c. Suppose k - v = -0*v - 1, c = 4*k + 3*v - 24. Let u(r) = r**3 - r + 7. Is 12 a factor of u(k)?
False
Suppose 4*q - 2*r = 3182, 0 = -3*q + 8*r - 3*r + 2390. Does 15 divide q?
True
Let o = 39 - 29. Suppose o*c - 18*c = -872. Is 17 a factor of c?
False
Suppose -4*r + 545 = -u, r - 111 = 2*u + 20. Is 11 a factor of r?
False
Suppose -96 = -n - 3*n. Let c = 22 - n. Is c/(-6) + (-678)/(-18) a multiple of 9?
False
Suppose -5*a + 886 = -444. Is 17 a factor of (2 - (-20)/(-8))/((-1)/a)?
False
Suppose 2*x + 8*n - 7*n = 741, -3*x + 1129 = 5*n. Is 92 a factor of x?
True
Let d(m) = 5*m**3 - m**2 + 2*m - 4. Let r(q) = 6*q - 54. Let g(z) = 3*z - 27. Let h(c) = 9*g(c) - 5*r(c). Let v be h(8). Does 32 divide d(v)?
True
Let y(p) = p**2 - 15*p + 18. Let t be y(13). Let c = t - -17. Is (6/c)/(4/114) a multiple of 7?
False
Does 12 divide (648 + -3 - 2) + -7?
True
Suppose -2345 = 88*d - 93*d. Does 39 divide d?
False
Let y(u) = -37*u + 905. Is 9 a factor of 